{"id":633,"date":"2016-05-24T18:16:58","date_gmt":"2016-05-24T18:16:58","guid":{"rendered":"http:\/\/waregne.be\/philomene\/?page_id=633"},"modified":"2017-11-10T20:53:26","modified_gmt":"2017-11-10T19:53:26","slug":"nous-leur-avons-fait-confiance","status":"publish","type":"page","link":"https:\/\/brasserieduclocher.be\/philomene\/la-brasserie\/nous-leur-avons-fait-confiance\/","title":{"rendered":"Nous leur avons fait confiance &#8230;"},"content":{"rendered":"<table style=\"width: 800px; height: 500px; border: 1px solid black;\">\n<tbody>\n<tr>\n<th>E n t r e p r i s e <sup>*<\/sup><\/th>\n<th>T r a v a u x<\/th>\n<\/tr>\n<tr style=\"border: 1px solid black;\">\n<td style=\"border: 1px solid black;\"><a href=\"http:\/\/www.pagesdor.be\/l-hoir-toiture-sprl-beez-5000\/\"><img loading=\"lazy\" decoding=\"async\" class=\"alignnone wp-image-1002 size-medium\" src=\"http:\/\/brasserieduclocher.be\/philomene\/wp-content\/uploads\/2016\/05\/lhoir-300x99.jpg\" width=\"300\" height=\"99\" srcset=\"https:\/\/brasserieduclocher.be\/philomene\/wp-content\/uploads\/2016\/05\/lhoir-300x99.jpg 300w, https:\/\/brasserieduclocher.be\/philomene\/wp-content\/uploads\/2016\/05\/lhoir-330x109.jpg 330w, https:\/\/brasserieduclocher.be\/philomene\/wp-content\/uploads\/2016\/05\/lhoir-414x137.jpg 414w, https:\/\/brasserieduclocher.be\/philomene\/wp-content\/uploads\/2016\/05\/lhoir.jpg 609w\" sizes=\"(max-width: 300px) 100vw, 300px\" \/><\/a><\/td>\n<td style=\"border: 1px solid black;\">Gros oeuvre ma\u00e7onnerie et toitures<\/td>\n<\/tr>\n<tr style=\"border: 1px solid black;\">\n<td style=\"border: 1px solid black;\"><a href=\"http:\/\/www.pagesdor.be\/d-hondt-b-malonne-5020\/\"><img loading=\"lazy\" decoding=\"async\" class=\"alignnone wp-image-994 size-medium\" src=\"http:\/\/brasserieduclocher.be\/philomene\/wp-content\/uploads\/2016\/05\/dhondt2-1-300x160.jpg\" width=\"300\" height=\"160\" srcset=\"https:\/\/brasserieduclocher.be\/philomene\/wp-content\/uploads\/2016\/05\/dhondt2-1-300x160.jpg 300w, https:\/\/brasserieduclocher.be\/philomene\/wp-content\/uploads\/2016\/05\/dhondt2-1.jpg 307w\" sizes=\"(max-width: 300px) 100vw, 300px\" \/><\/a><\/td>\n<td style=\"border: 1px solid black;\">Remplacement des ch\u00e2ssis et des portes, am\u00e9nagement de cloisons et d&#8217;espace de rangement, pose de l&#8217;escalier int\u00e9rieur<\/td>\n<\/tr>\n<tr style=\"border: 1px solid black;\">\n<td style=\"border: 1px solid black;\"><a href=\"http:\/\/www.pagesdor.be\/technidel-malonne-5020\/\"><img loading=\"lazy\" decoding=\"async\" class=\"alignnone wp-image-1010 size-medium\" src=\"http:\/\/brasserieduclocher.be\/philomene\/wp-content\/uploads\/2016\/05\/technidel-300x192.jpg\" width=\"300\" height=\"192\" srcset=\"https:\/\/brasserieduclocher.be\/philomene\/wp-content\/uploads\/2016\/05\/technidel-300x192.jpg 300w, https:\/\/brasserieduclocher.be\/philomene\/wp-content\/uploads\/2016\/05\/technidel-330x211.jpg 330w, https:\/\/brasserieduclocher.be\/philomene\/wp-content\/uploads\/2016\/05\/technidel-414x265.jpg 414w, https:\/\/brasserieduclocher.be\/philomene\/wp-content\/uploads\/2016\/05\/technidel.jpg 463w\" sizes=\"(max-width: 300px) 100vw, 300px\" \/><\/a><\/td>\n<td style=\"border: 1px solid black;\">Chauffage par le sol<\/td>\n<\/tr>\n<tr style=\"border: 1px solid black;\">\n<td style=\"border: 1px solid black;\"><a href=\"https:\/\/www.facebook.com\/MOD-Maitre-dOuvrage-D%C3%A9l%C3%A9gu%C3%A9-218925325107085\/\" target=\"_blank\" rel=\"noopener\"><img loading=\"lazy\" decoding=\"async\" class=\"alignnone wp-image-640 size-medium\" src=\"http:\/\/brasserieduclocher.be\/philomene\/wp-content\/uploads\/2016\/05\/mod-300x150.jpg\" alt=\"mod\" width=\"300\" height=\"150\" srcset=\"https:\/\/brasserieduclocher.be\/philomene\/wp-content\/uploads\/2016\/05\/mod-300x150.jpg 300w, https:\/\/brasserieduclocher.be\/philomene\/wp-content\/uploads\/2016\/05\/mod-768x384.jpg 768w, https:\/\/brasserieduclocher.be\/philomene\/wp-content\/uploads\/2016\/05\/mod-1024x512.jpg 1024w, https:\/\/brasserieduclocher.be\/philomene\/wp-content\/uploads\/2016\/05\/mod-330x165.jpg 330w, https:\/\/brasserieduclocher.be\/philomene\/wp-content\/uploads\/2016\/05\/mod-600x300.jpg 600w, https:\/\/brasserieduclocher.be\/philomene\/wp-content\/uploads\/2016\/05\/mod-1200x600.jpg 1200w, https:\/\/brasserieduclocher.be\/philomene\/wp-content\/uploads\/2016\/05\/mod-736x368.jpg 736w, https:\/\/brasserieduclocher.be\/philomene\/wp-content\/uploads\/2016\/05\/mod-1280x640.jpg 1280w, https:\/\/brasserieduclocher.be\/philomene\/wp-content\/uploads\/2016\/05\/mod-414x207.jpg 414w, https:\/\/brasserieduclocher.be\/philomene\/wp-content\/uploads\/2016\/05\/mod.jpg 1654w\" sizes=\"(max-width: 300px) 100vw, 300px\" \/><\/a><\/td>\n<td style=\"border: 1px solid black;\">Coordination de la r\u00e9alisation des sols int\u00e9rieurs et am\u00e9nagements des abords, escalier ext\u00e9rieur et parking<\/td>\n<\/tr>\n<tr style=\"border: 1px solid black;\">\n<td style=\"border: 1px solid black;\">BETON CONSULTANCE ET REALISATION (B.C.R)<\/td>\n<td style=\"border: 1px solid black;\">Dalles de b\u00e9ton et sols brasserie<\/td>\n<\/tr>\n<tr style=\"border: 1px solid black;\">\n<td style=\"border: 1px solid black;\"><a href=\"http:\/\/www.lightelec.eu\/\"><img loading=\"lazy\" decoding=\"async\" class=\"alignnone wp-image-997 size-medium\" src=\"http:\/\/brasserieduclocher.be\/philomene\/wp-content\/uploads\/2016\/05\/logo-light-elec-group-lcr-new-mail-300x62.jpg\" width=\"300\" height=\"62\"><\/a><\/td>\n<td style=\"border: 1px solid black;\">Mat\u00e9riel \u00e9lectrique<\/td>\n<\/tr>\n<tr style=\"border: 1px solid black;\">\n<td style=\"border: 1px solid black;\"><a href=\"http:\/\/www.plafonneur-limage.be\/\" target=\"_blank\" rel=\"noopener\"><img loading=\"lazy\" decoding=\"async\" class=\"alignnone wp-image-991 size-medium\" src=\"http:\/\/brasserieduclocher.be\/philomene\/wp-content\/uploads\/2016\/05\/limage-scs-1-300x72.png\" width=\"300\" height=\"72\" srcset=\"https:\/\/brasserieduclocher.be\/philomene\/wp-content\/uploads\/2016\/05\/limage-scs-1-300x72.png 300w, https:\/\/brasserieduclocher.be\/philomene\/wp-content\/uploads\/2016\/05\/limage-scs-1-330x80.png 330w, https:\/\/brasserieduclocher.be\/philomene\/wp-content\/uploads\/2016\/05\/limage-scs-1.png 356w\" sizes=\"(max-width: 300px) 100vw, 300px\" \/><\/a><\/td>\n<td style=\"border: 1px solid black;\">Plafonage des murs et r\u00e9parations des voutes et arcades<\/td>\n<\/tr>\n<tr style=\"border: 1px solid black;\">\n<td style=\"border: 1px solid black;\"><a href=\"http:\/\/www.mtcbsa.com\/\"><img loading=\"lazy\" decoding=\"async\" class=\"alignnone wp-image-996 size-medium\" src=\"http:\/\/brasserieduclocher.be\/philomene\/wp-content\/uploads\/2016\/05\/logo-mtcb-500px-300x92.png\" width=\"300\" height=\"92\" srcset=\"https:\/\/brasserieduclocher.be\/philomene\/wp-content\/uploads\/2016\/05\/logo-mtcb-500px-300x92.png 300w, https:\/\/brasserieduclocher.be\/philomene\/wp-content\/uploads\/2016\/05\/logo-mtcb-500px.png 500w, https:\/\/brasserieduclocher.be\/philomene\/wp-content\/uploads\/2016\/05\/logo-mtcb-500px-330x101.png 330w, https:\/\/brasserieduclocher.be\/philomene\/wp-content\/uploads\/2016\/05\/logo-mtcb-500px-414x127.png 414w\" sizes=\"(max-width: 300px) 100vw, 300px\" \/><\/a><\/td>\n<td style=\"border: 1px solid black;\">Chaudi\u00e8re vapeur pour salle de brassage<\/td>\n<\/tr>\n<tr>\n<td style=\"border: 1px solid black;\"><a href=\"http:\/\/www.degreef-manutention.be\/\" target=\"_blank\" rel=\"noopener\"><img loading=\"lazy\" decoding=\"async\" class=\"alignnone wp-image-992 size-full\" src=\"http:\/\/brasserieduclocher.be\/philomene\/wp-content\/uploads\/2016\/05\/degreef-1.jpg\" width=\"221\" height=\"247\"><\/a><\/td>\n<td style=\"border: 1px solid black;\">D\u00e9chargement et manutention des cuves et de la salle de brassage<\/td>\n<\/tr>\n<tr style=\"border: 1px solid black;\">\n<td style=\"border: 1px solid black;\"><a href=\"http:\/\/www.infobel.com\/fr\/belgium\/pph\/jemeppe_sur_sambre\/BE100511360-071788266\/businessdetails.aspx\"><img loading=\"lazy\" decoding=\"async\" class=\"alignnone wp-image-1003 size-full\" src=\"http:\/\/brasserieduclocher.be\/philomene\/wp-content\/uploads\/2016\/05\/pph.jpg\" width=\"227\" height=\"259\"><\/a><\/td>\n<td style=\"border: 1px solid black;\">Location de containers<\/td>\n<\/tr>\n<tr style=\"border: 1px solid black;\">\n<td style=\"border: 1px solid black;\"><a href=\"http:\/\/www.hinni-trachet.com\/\"><img loading=\"lazy\" decoding=\"async\" class=\"alignnone wp-image-1015 size-full\" src=\"http:\/\/brasserieduclocher.be\/philomene\/wp-content\/uploads\/2016\/05\/trachet-hinni-logo.jpg\" width=\"276\" height=\"156\"><\/a><\/td>\n<td style=\"border: 1px solid black;\">Epoxy de la zone de production<\/td>\n<\/tr>\n<tr style=\"border: 1px solid black;\">\n<td style=\"border: 1px solid black;\"><a href=\"http:\/\/www.infobel.com\/fr\/belgium\/pph\/jemeppe_sur_sambre\/BE100511360-071788266\/businessdetails.aspx\"><img loading=\"lazy\" decoding=\"async\" class=\"alignnone wp-image-1013 size-medium\" src=\"http:\/\/brasserieduclocher.be\/philomene\/wp-content\/uploads\/2016\/05\/acds-300x81.png\" width=\"300\" height=\"81\" srcset=\"https:\/\/brasserieduclocher.be\/philomene\/wp-content\/uploads\/2016\/05\/acds-300x81.png 300w, https:\/\/brasserieduclocher.be\/philomene\/wp-content\/uploads\/2016\/05\/acds-330x89.png 330w, https:\/\/brasserieduclocher.be\/philomene\/wp-content\/uploads\/2016\/05\/acds-414x112.png 414w, https:\/\/brasserieduclocher.be\/philomene\/wp-content\/uploads\/2016\/05\/acds.png 441w\" sizes=\"(max-width: 300px) 100vw, 300px\" \/><\/a><\/td>\n<td style=\"border: 1px solid black;\">Carrelages mureaux<\/td>\n<\/tr>\n<\/tbody>\n<\/table>\n<p><em>(*) par ordre d\u2019entr\u00e9e en action dans le projet<\/em><\/p>\n","protected":false},"excerpt":{"rendered":"<p>E n t r e p r i s e * T r a v a u x Gros oeuvre ma\u00e7onnerie et toitures Remplacement des ch\u00e2ssis et des portes, am\u00e9nagement de cloisons et d&#8217;espace de rangement, pose de l&#8217;escalier int\u00e9rieur Chauffage par le sol Coordination de la r\u00e9alisation des sols int\u00e9rieurs et am\u00e9nagements des abords, [&hellip;]<\/p>\n","protected":false},"author":1,"featured_media":0,"parent":145,"menu_order":0,"comment_status":"closed","ping_status":"closed","template":"","meta":{"ngg_post_thumbnail":0,"footnotes":""},"_links":{"self":[{"href":"https:\/\/brasserieduclocher.be\/philomene\/wp-json\/wp\/v2\/pages\/633"}],"collection":[{"href":"https:\/\/brasserieduclocher.be\/philomene\/wp-json\/wp\/v2\/pages"}],"about":[{"href":"https:\/\/brasserieduclocher.be\/philomene\/wp-json\/wp\/v2\/types\/page"}],"author":[{"embeddable":true,"href":"https:\/\/brasserieduclocher.be\/philomene\/wp-json\/wp\/v2\/users\/1"}],"replies":[{"embeddable":true,"href":"https:\/\/brasserieduclocher.be\/philomene\/wp-json\/wp\/v2\/comments?post=633"}],"version-history":[{"count":23,"href":"https:\/\/brasserieduclocher.be\/philomene\/wp-json\/wp\/v2\/pages\/633\/revisions"}],"predecessor-version":[{"id":1311,"href":"https:\/\/brasserieduclocher.be\/philomene\/wp-json\/wp\/v2\/pages\/633\/revisions\/1311"}],"up":[{"embeddable":true,"href":"https:\/\/brasserieduclocher.be\/philomene\/wp-json\/wp\/v2\/pages\/145"}],"wp:attachment":[{"href":"https:\/\/brasserieduclocher.be\/philomene\/wp-json\/wp\/v2\/media?parent=633"}],"curies":[{"name":"wp","href":"https:\/\/api.w.org\/{rel}","templated":true}]}}