{"id":2664,"date":"2024-03-01T19:27:06","date_gmt":"2024-03-01T17:27:06","guid":{"rendered":"https:\/\/brasserieduclocher.be\/philomene\/?p=2664"},"modified":"2024-04-24T09:57:15","modified_gmt":"2024-04-24T07:57:15","slug":"offres-demploi","status":"publish","type":"page","link":"https:\/\/brasserieduclocher.be\/philomene\/offres-demploi\/","title":{"rendered":""},"content":{"rendered":"[vc_row][vc_column][vc_column_text css=&#8221;.vc_custom_1713945427890{margin-bottom: 0px !important;}&#8221;]<img loading=\"lazy\" decoding=\"async\" class=\"alignnone wp-image-2666 size-large\" src=\"https:\/\/brasserieduclocher.be\/philomene\/wp-content\/uploads\/2024\/03\/on-engage-1024x683.png\" sizes=\"(max-width: 1024px) 100vw, 1024px\" srcset=\"https:\/\/brasserieduclocher.be\/philomene\/wp-content\/uploads\/2024\/03\/on-engage-1024x683.png 1024w, https:\/\/brasserieduclocher.be\/philomene\/wp-content\/uploads\/2024\/03\/on-engage-300x200.png 300w, https:\/\/brasserieduclocher.be\/philomene\/wp-content\/uploads\/2024\/03\/on-engage-768x512.png 768w, https:\/\/brasserieduclocher.be\/philomene\/wp-content\/uploads\/2024\/03\/on-engage-1536x1024.png 1536w, https:\/\/brasserieduclocher.be\/philomene\/wp-content\/uploads\/2024\/03\/on-engage-2048x1365.png 2048w\" alt=\"\" width=\"1024\" height=\"683\"><\/p>\n<div class=\"elementor-element elementor-element-3a14366 elementor-widget elementor-widget-text-editor\" data-id=\"3a14366\" data-element_type=\"widget\" data-widget_type=\"text-editor.default\">\n<div class=\"elementor-widget-container\">\n<h2><strong>REJOIGNEZ NOTRE EQUIPE !<br \/>\n<\/strong><\/h2>\n<\/div>\n<\/div>\n<div class=\"elementor-element elementor-element-804d9d1 elementor-widget elementor-widget-text-editor\" data-id=\"804d9d1\" data-element_type=\"widget\" data-widget_type=\"text-editor.default\">\n<div class=\"elementor-widget-container\">\n<div class=\"flex flex-grow flex-col gap-3 max-w-full\">\n<div class=\"min-h-[20px] flex flex-col items-start gap-3 whitespace-pre-wrap break-words overflow-x-auto\">\n<div class=\"markdown prose w-full break-words dark:prose-invert light\">\n<p>Si comme nous, vous \u00eates passionn\u00e9 par le monde de la bi\u00e8re et que notre projet de v\u00e9ritable micro-brasserie villageoise et 100% artisanale vous inspire, alors qu\u2019attendez vous pour rejoindre notre \u00e9quipe et prendre part \u00e0 cette fabuleuse aventure qui a commenc\u00e9 en 2015 avec l\u2019am\u00e9nagement de la Chapelle du Piroy (Malonne) en brasserie.<\/p>\n<h2>PRODUCTION<\/h2>\n<\/div>\n<\/div>\n<\/div>\n<\/div>\n<\/div>\n<p><em>aucun emploi vacant pour l&#8217;instant<\/em><\/p>\n<h2>JOB ETUDIANT<\/h2>\n<p><em>aucun emploi vacant pour l&#8217;instant<\/em>[\/vc_column_text][\/vc_column][\/vc_row]\n","protected":false},"excerpt":{"rendered":"<p>[vc_row][vc_column][vc_column_text css=&#8221;.vc_custom_1713945427890{margin-bottom: 0px !important;}&#8221;] REJOIGNEZ NOTRE EQUIPE ! Si comme nous, vous \u00eates passionn\u00e9 par le monde de la bi\u00e8re et que notre projet de v\u00e9ritable micro-brasserie villageoise et 100% artisanale vous inspire, alors qu\u2019attendez vous pour rejoindre notre \u00e9quipe et prendre part \u00e0 cette fabuleuse aventure qui a commenc\u00e9 en 2015 avec l\u2019am\u00e9nagement de [&hellip;]<\/p>\n","protected":false},"author":4,"featured_media":0,"parent":0,"menu_order":0,"comment_status":"closed","ping_status":"closed","template":"","meta":{"ngg_post_thumbnail":0,"footnotes":""},"_links":{"self":[{"href":"https:\/\/brasserieduclocher.be\/philomene\/wp-json\/wp\/v2\/pages\/2664"}],"collection":[{"href":"https:\/\/brasserieduclocher.be\/philomene\/wp-json\/wp\/v2\/pages"}],"about":[{"href":"https:\/\/brasserieduclocher.be\/philomene\/wp-json\/wp\/v2\/types\/page"}],"author":[{"embeddable":true,"href":"https:\/\/brasserieduclocher.be\/philomene\/wp-json\/wp\/v2\/users\/4"}],"replies":[{"embeddable":true,"href":"https:\/\/brasserieduclocher.be\/philomene\/wp-json\/wp\/v2\/comments?post=2664"}],"version-history":[{"count":10,"href":"https:\/\/brasserieduclocher.be\/philomene\/wp-json\/wp\/v2\/pages\/2664\/revisions"}],"predecessor-version":[{"id":2685,"href":"https:\/\/brasserieduclocher.be\/philomene\/wp-json\/wp\/v2\/pages\/2664\/revisions\/2685"}],"wp:attachment":[{"href":"https:\/\/brasserieduclocher.be\/philomene\/wp-json\/wp\/v2\/media?parent=2664"}],"curies":[{"name":"wp","href":"https:\/\/api.w.org\/{rel}","templated":true}]}}