{"id":2323,"date":"2022-08-02T11:56:18","date_gmt":"2022-08-02T09:56:18","guid":{"rendered":"https:\/\/brasserieduclocher.be\/philomene\/?p=2323"},"modified":"2022-08-02T22:51:05","modified_gmt":"2022-08-02T20:51:05","slug":"ste-philo","status":"publish","type":"page","link":"https:\/\/brasserieduclocher.be\/philomene\/ste-philo\/","title":{"rendered":"Brasserie en f\u00eate &#8211; 13 \u00a7 14 Ao\u00fbt 2022"},"content":{"rendered":"[vc_row][vc_column][vc_column_text css=&#8221;.vc_custom_1659473460748{margin-bottom: 0px !important;}&#8221;]\n<h5>BRASSERIE EN F\u00caTE &#8211; 13 et 14 Ao\u00fbt 20212<\/h5>\n<div class=\"\" data-block=\"true\" data-editor=\"kua6\" data-offset-key=\"8hoc8-0-0\">\n<div class=\"_1mf _1mj\" data-offset-key=\"8hoc8-0-0\">\n<p><img loading=\"lazy\" decoding=\"async\" class=\"alignnone wp-image-2540 size-large\" src=\"https:\/\/brasserieduclocher.be\/philomene\/wp-content\/uploads\/2021\/08\/banderole-web2-1024x410.png\" alt=\"\" width=\"1024\" height=\"410\" srcset=\"https:\/\/brasserieduclocher.be\/philomene\/wp-content\/uploads\/2021\/08\/banderole-web2-1024x410.png 1024w, https:\/\/brasserieduclocher.be\/philomene\/wp-content\/uploads\/2021\/08\/banderole-web2-300x120.png 300w, https:\/\/brasserieduclocher.be\/philomene\/wp-content\/uploads\/2021\/08\/banderole-web2-768x307.png 768w, https:\/\/brasserieduclocher.be\/philomene\/wp-content\/uploads\/2021\/08\/banderole-web2-1536x614.png 1536w, https:\/\/brasserieduclocher.be\/philomene\/wp-content\/uploads\/2021\/08\/banderole-web2-2048x819.png 2048w\" sizes=\"(max-width: 1024px) 100vw, 1024px\" \/>A l\u2019occasion de la Sainte-Philom\u00e8ne, la Brasserie du Clocher organise un week-end festif \u00e0 la brasserie ces 13 et 14 ao\u00fbt 2022.<\/p>\n<h3><strong>AU PROGRAMME DU SAMEDI 13 AOUT:<\/strong><\/h3>\n<h5>REPAS FESTIF (COCHON \u00c0 LA BROCHE)&nbsp; \u2013&nbsp;<strong>18H-21H<\/strong>&nbsp;\u2013 SUR R\u00c9SERVATION<\/h5>\n<p><img loading=\"lazy\" decoding=\"async\" class=\"wp-image-1799 alignright\" src=\"http:\/\/brasserieduclocher.be\/philomene\/wp-content\/uploads\/2019\/07\/cochon-la-broche-2-mobigrill-300x225.jpg\" sizes=\"(max-width: 391px) 100vw, 391px\" srcset=\"https:\/\/brasserieduclocher.be\/philomene\/wp-content\/uploads\/2019\/07\/cochon-la-broche-2-mobigrill-300x225.jpg 300w, https:\/\/brasserieduclocher.be\/philomene\/wp-content\/uploads\/2019\/07\/cochon-la-broche-2-mobigrill.jpg 448w\" alt=\"\" width=\"391\" height=\"293\"><\/p>\n<p>Une assiette de notre excellent cochon \u00e0 la broche, accompagn\u00e9e de ses pommes de terres cuites dans les cendres et de crudit\u00e9s;&nbsp;le tout pour 20 eur.<\/p>\n<p>Placement libre..<\/p>\n<p>La&nbsp;<strong>r\u00e9servation est indispensable<\/strong> pour le repas, via mail (<a href=\"mailto:repas@brasserieduclocher.be\">repas@brasserieduclocher.be<\/a>) ou par t\u00e9l\u00e9phone au 0471\/10.18.28 <strong>AVANT le 11 Ao\u00fbt<\/strong>&nbsp;!<\/p>\n<p>Ne tardez pas, il n\u2019y en aura pas pour tout le monde !<\/p>\n<h4>&nbsp;<\/h4>\n<h4>CONCERT CLASSIC ROCK&nbsp; \u2013&nbsp;<strong>21H-23H<\/strong> \u2013 ENTR\u00c9 LIBRE ET GRATUITE \u2013 NOMBRE DE PLACES LIMIT\u00c9 (ENVIRON 80)<\/h4>\n<p>Le groupe SLICK vous fera vibrer au son de leur rock attitude pour un concert Classic Rock.<\/p>\n<p><img loading=\"lazy\" decoding=\"async\" class=\"alignnone wp-image-1805\" src=\"http:\/\/brasserieduclocher.be\/philomene\/wp-content\/uploads\/2019\/07\/slick3-1-300x169.jpg\" sizes=\"(max-width: 610px) 100vw, 610px\" srcset=\"https:\/\/brasserieduclocher.be\/philomene\/wp-content\/uploads\/2019\/07\/slick3-1-300x169.jpg 300w, https:\/\/brasserieduclocher.be\/philomene\/wp-content\/uploads\/2019\/07\/slick3-1.jpg 720w\" alt=\"\" width=\"610\" height=\"344\"><\/p>\n<p>C\u2019est parfois avec de vieux musiciens que l\u2019on \u00e9vite de faire de la soupe !&nbsp; mais par contre ca fait de la toute bonne musique !<br \/>\nSLICK c\u2019est 5 potes qui rockent, qui rollent !&nbsp;<br \/>\nLe Coverband qui d\u00e9rape !<\/p>\n<p>Voici d\u00e9j\u00e0 quelques indice sur leur play-list : rolling-stones, eagles, kim wild, franz ferdiant, deep purple, \u2026et beaucoup d\u2019autres morceaux culte du rock des belles ann\u00e9es<\/p>\n<p>En voici un petit extrait :<br \/>\n<a href=\"https:\/\/www.youtube.com\/watch?v=_xIfU18PkyA&amp;feature=share&amp;fbclid=IwAR02zFOSJgbGFh-3H7ko9Sue-HDCtl2RrrC1BdPQqIgsQ85ncybXbpsmGDQ\" target=\"_blank\" rel=\"noopener noreferrer\"><img loading=\"lazy\" decoding=\"async\" class=\"alignleft wp-image-1807\" src=\"http:\/\/brasserieduclocher.be\/philomene\/wp-content\/uploads\/2019\/07\/youtube_social_icon_red-300x211.png\" sizes=\"(max-width: 80px) 100vw, 80px\" srcset=\"https:\/\/brasserieduclocher.be\/philomene\/wp-content\/uploads\/2019\/07\/youtube_social_icon_red-300x211.png 300w, https:\/\/brasserieduclocher.be\/philomene\/wp-content\/uploads\/2019\/07\/youtube_social_icon_red-768x541.png 768w, https:\/\/brasserieduclocher.be\/philomene\/wp-content\/uploads\/2019\/07\/youtube_social_icon_red.png 1024w\" alt=\"\" width=\"80\" height=\"56\"><\/a><\/p>\n<p>&nbsp;<\/p>\n<p>&nbsp;<\/p>\n<h3><strong>AU PROGRAMME DU DIMANCHE 14 AO\u00dbT:<\/strong><\/h3>\n<p>&nbsp;<\/p>\n<h5>BARBECUE \u2013 PAIN SAUCISSE ARTISANALE \u2013&nbsp;<strong>12H-15H<\/strong><\/h5>\n<p>Le traditionnel mais toujours d\u00e9licieux barbecue pain-saucisse avec les produits de notre terroir (Boucherie Maison De Coster \/ Boulangerie Dumont) accompagn\u00e9 d\u2019une sauce BBQ \u00e0 la Philom\u00e8ne Hoptimale<\/p>\n<h5>TAVERNE OUVERTE ET BI\u00c8RES AU FUT<\/h5>\n<p>Comme chaque 3\u00e8me dimanche du mois, nous vous accueillons au sein de la brasserie pour prendre un verre et visiter nos installations.<\/p>\n<p>Terrasse ext\u00e9rieur couverte<\/p>\n<h5>ANIMATIONS DIVERSES &#8211; <span style=\"color: #ff0000;\">Toutes les animations sont GRATUITES !!! <strong><span style=\"color: #000000;\">&#8211; Accessible \u00e0 tous, enfants bienvenus<\/span><\/strong><\/span><\/h5>\n<p><strong><img loading=\"lazy\" decoding=\"async\" class=\"wp-image-2321 size-full alignnone\" src=\"https:\/\/brasserieduclocher.be\/philomene\/wp-content\/uploads\/2021\/08\/hop-icon-1.png\" alt=\"\" width=\"26\" height=\"26\">&nbsp; &nbsp; &nbsp;Ouverture des portes<\/strong> \u00e0 <span style=\"color: #0000ff;\">11h00<\/span><\/p>\n<p><strong><img loading=\"lazy\" decoding=\"async\" class=\"wp-image-2321 size-full alignnone\" src=\"https:\/\/brasserieduclocher.be\/philomene\/wp-content\/uploads\/2021\/08\/hop-icon-1.png\" alt=\"\" width=\"26\" height=\"26\">&nbsp; &nbsp; &nbsp;Brassin de d\u00e9monstration (en life)<\/strong> \u2013 d\u00e9marrage \u00e0 <span style=\"color: #0000ff;\">11h00<\/span><\/p>\n<p><strong><img loading=\"lazy\" decoding=\"async\" class=\"wp-image-2321 size-full alignnone\" src=\"https:\/\/brasserieduclocher.be\/philomene\/wp-content\/uploads\/2021\/08\/hop-icon-1.png\" alt=\"\" width=\"26\" height=\"26\">&nbsp; &nbsp; &nbsp;Visites guid\u00e9es<\/strong> \u00e0 <span style=\"color: #0000ff;\">14h00 et 16h00<\/span> \u2013 dur\u00e9e 45 \u00e0 60 minutes&nbsp;<\/p>\n<p>D\u00e9couvrez l\u2019histoire de ce projet atypique et de ce lieu tr\u00e8s particulier. Ensuite, en visitant la salle de brassage, le guide vous expliquera en d\u00e9tail les diff\u00e9rentes \u00e9tapes de la fabrication de votre bi\u00e8re pr\u00e9f\u00e9r\u00e9e et vous montrera les ingr\u00e9dients qui sont mis en \u0153uvre et le fonctionnement de l\u2019\u00e9quipement. La visite se conclut par la pr\u00e9sentation de nos bi\u00e8res( possibilit\u00e9 de commander une palette de d\u00e9gustation de nos 5 bi\u00e8res \u2013 6eur).<\/p>\n<p><strong><img loading=\"lazy\" decoding=\"async\" class=\"wp-image-2321 size-full alignnone\" src=\"https:\/\/brasserieduclocher.be\/philomene\/wp-content\/uploads\/2021\/08\/hop-icon-1.png\" alt=\"\" width=\"26\" height=\"26\">&nbsp; &nbsp; &nbsp;Initiation \u00e0 la d\u00e9gustation de bi\u00e8re<\/strong> \u00e0 <span style=\"color: #0000ff;\">11h30, 13h00 et 15h00<\/span> \u2013 dur\u00e9e 20 \u00e0 30 minutes<\/p>\n<p>D\u00e9couvrez avec le ma\u00eetre brasseur comment servir correctement une bi\u00e8re, la d\u00e9guster avec vos 5 sens et quels en sont les crit\u00e8res de qualit\u00e9.<\/p>\n<p><strong><img loading=\"lazy\" decoding=\"async\" class=\"wp-image-2321 size-full alignnone\" src=\"https:\/\/brasserieduclocher.be\/philomene\/wp-content\/uploads\/2021\/08\/hop-icon-1.png\" alt=\"\" width=\"26\" height=\"26\">&nbsp; &nbsp; &nbsp;Ateliers de d\u00e9couverte sensorielle de la fabrication de la bi\u00e8re<\/strong>&nbsp;\u2013 stands accessible <span style=\"color: #0000ff;\">de 11h00 \u00e0 18h00<\/span><\/p>\n<ul>\n<li style=\"list-style-type: none;\">\n<ul>\n<li>Voir, manipuler et go\u00fbter les diff\u00e9rents ingr\u00e9dients (malt, houblon, levure, \u00e9pices)<\/li>\n<li>Go\u00fbter du mo\u00fbt de bi\u00e8re \u00e0 chaque \u00e9tape de la fabrication<\/li>\n<li>Explication du processus de brassage par les brasseurs<\/li>\n<li>rencontrez l\u2019\u00e9quipe de production<\/li>\n<\/ul>\n<\/li>\n<\/ul>\n<p>&nbsp; &nbsp; &nbsp; &nbsp; &nbsp;<\/p>\n<p><img loading=\"lazy\" decoding=\"async\" class=\"alignleft\" src=\"https:\/\/brasserieduclocher.be\/philomene\/wp-content\/uploads\/2021\/08\/kids-1.jpg\" alt=\"\" width=\"150\" height=\"104\"><\/p>\n<p><strong><span style=\"color: #ff00ff;\">Sp\u00e9cial enfants<\/span><\/strong><\/p>\n<ul>\n<li style=\"list-style-type: none;\">\n<ul>\n<li>gouter le jus sucr\u00e9 apr\u00e8s brassage du malt (ne contient pas d\u2019alcool ni amertume)<\/li>\n<li>concassage de grain de malt avec un moulin manivelle<\/li>\n<li>Capsulage manuel<\/li>\n<\/ul>\n<\/li>\n<\/ul>\n<p>&nbsp;<\/p>\n<p><strong><img loading=\"lazy\" decoding=\"async\" class=\"wp-image-2321 size-full alignnone\" src=\"https:\/\/brasserieduclocher.be\/philomene\/wp-content\/uploads\/2021\/08\/hop-icon-1.png\" alt=\"\" width=\"26\" height=\"26\">&nbsp; &nbsp; &nbsp;Animations et jeux divers sur le th\u00e8me de la brasserie<\/strong> &nbsp;\u2013&nbsp; acc\u00e8s libre<\/p>\n<\/div>\n<\/div>\n[\/vc_column_text][\/vc_column][\/vc_row]\n","protected":false},"excerpt":{"rendered":"<p>[vc_row][vc_column][vc_column_text css=&#8221;.vc_custom_1659473460748{margin-bottom: 0px !important;}&#8221;] BRASSERIE EN F\u00caTE &#8211; 13 et 14 Ao\u00fbt 20212 A l\u2019occasion de la Sainte-Philom\u00e8ne, la Brasserie du Clocher organise un week-end festif \u00e0 la brasserie ces 13 et 14 ao\u00fbt 2022. AU PROGRAMME DU SAMEDI 13 AOUT: REPAS FESTIF (COCHON \u00c0 LA BROCHE)&nbsp; \u2013&nbsp;18H-21H&nbsp;\u2013 SUR R\u00c9SERVATION Une assiette de notre excellent [&hellip;]<\/p>\n","protected":false},"author":4,"featured_media":2326,"parent":0,"menu_order":0,"comment_status":"closed","ping_status":"closed","template":"","meta":{"ngg_post_thumbnail":0,"footnotes":""},"_links":{"self":[{"href":"https:\/\/brasserieduclocher.be\/philomene\/wp-json\/wp\/v2\/pages\/2323"}],"collection":[{"href":"https:\/\/brasserieduclocher.be\/philomene\/wp-json\/wp\/v2\/pages"}],"about":[{"href":"https:\/\/brasserieduclocher.be\/philomene\/wp-json\/wp\/v2\/types\/page"}],"author":[{"embeddable":true,"href":"https:\/\/brasserieduclocher.be\/philomene\/wp-json\/wp\/v2\/users\/4"}],"replies":[{"embeddable":true,"href":"https:\/\/brasserieduclocher.be\/philomene\/wp-json\/wp\/v2\/comments?post=2323"}],"version-history":[{"count":19,"href":"https:\/\/brasserieduclocher.be\/philomene\/wp-json\/wp\/v2\/pages\/2323\/revisions"}],"predecessor-version":[{"id":2576,"href":"https:\/\/brasserieduclocher.be\/philomene\/wp-json\/wp\/v2\/pages\/2323\/revisions\/2576"}],"wp:featuredmedia":[{"embeddable":true,"href":"https:\/\/brasserieduclocher.be\/philomene\/wp-json\/wp\/v2\/media\/2326"}],"wp:attachment":[{"href":"https:\/\/brasserieduclocher.be\/philomene\/wp-json\/wp\/v2\/media?parent=2323"}],"curies":[{"name":"wp","href":"https:\/\/api.w.org\/{rel}","templated":true}]}}