{"id":2070,"date":"2020-10-13T13:57:19","date_gmt":"2020-10-13T11:57:19","guid":{"rendered":"http:\/\/brasserieduclocher.be\/philomene\/?page_id=2070"},"modified":"2021-10-17T19:21:54","modified_gmt":"2021-10-17T17:21:54","slug":"la-biere-dans-tous-ses-etats","status":"publish","type":"page","link":"https:\/\/brasserieduclocher.be\/philomene\/la-biere-dans-tous-ses-etats\/","title":{"rendered":"la bi\u00e8re dans tous ses \u00e9tats"},"content":{"rendered":"[vc_row][vc_column][vc_column_text css=&#8221;.vc_custom_1632926093103{margin-bottom: 0px !important;}&#8221;]&nbsp;<\/p>\n<p><strong>LA BI\u00c8RE DANS TOUS SES \u00c9TATS !!! \u2013 Edition 2021<br \/>\n<\/strong><\/p>\n<h4>SAMEDI 30 OCTOBRE AU SOIR,&nbsp; DIMANCHE 31 OCTOBRE AU SOIR ET LUNDI 1er NOVEMBRE \u00c0 MIDI<\/h4>\n<p><em>Vivez l\u2019exp\u00e9rience unique&nbsp;de participer \u00e0 un repas d\u2019exception au sein d\u2019une Eglise reconvertie en brasserie, dans une ambiance cosy install\u00e9e au c\u0153ur m\u00eame de la zone de brassage<\/em><\/p>\n<div id=\"attachment_1058\" style=\"width: 460px\" class=\"wp-caption alignright\"><img loading=\"lazy\" decoding=\"async\" aria-describedby=\"caption-attachment-1058\" class=\"wp-image-1058\" src=\"https:\/\/brasserieduclocher.be\/philomene\/wp-content\/uploads\/2016\/05\/IMG_6336-300x200.jpg\" alt=\"\" width=\"450\" height=\"300\" srcset=\"https:\/\/brasserieduclocher.be\/philomene\/wp-content\/uploads\/2016\/05\/IMG_6336-300x200.jpg 300w, https:\/\/brasserieduclocher.be\/philomene\/wp-content\/uploads\/2016\/05\/IMG_6336-768x512.jpg 768w, https:\/\/brasserieduclocher.be\/philomene\/wp-content\/uploads\/2016\/05\/IMG_6336-1024x683.jpg 1024w, https:\/\/brasserieduclocher.be\/philomene\/wp-content\/uploads\/2016\/05\/IMG_6336-150x100.jpg 150w, https:\/\/brasserieduclocher.be\/philomene\/wp-content\/uploads\/2016\/05\/IMG_6336-900x600.jpg 900w, https:\/\/brasserieduclocher.be\/philomene\/wp-content\/uploads\/2016\/05\/IMG_6336-1800x1200.jpg 1800w, https:\/\/brasserieduclocher.be\/philomene\/wp-content\/uploads\/2016\/05\/IMG_6336-736x490.jpg 736w, https:\/\/brasserieduclocher.be\/philomene\/wp-content\/uploads\/2016\/05\/IMG_6336-1920x1280.jpg 1920w\" sizes=\"(max-width: 450px) 100vw, 450px\" \/><p id=\"caption-attachment-1058\" class=\"wp-caption-text\">Repas &#8220;La bi\u00e8re dans tous ses \u00e9tats&#8221;<\/p><\/div>\n<p>Une exp\u00e9rience savoureuse dans un d\u00e9cor hors du commun&nbsp;!<\/p>\n<p>Celle de partager notre passion pour la bi\u00e8re \u00e0 travers une symphonie gastronomique organis\u00e9e sous forme de repas \u00e0 la bi\u00e8re.<\/p>\n<p>En effet, de l\u2019ap\u00e9ritif au dessert, en passant par l\u2019entr\u00e9e et le plat de r\u00e9sistance, nous vous proposons au travers d\u2019un menu 5 services servi \u00e0 table, une cuisine soign\u00e9e qui int\u00e8gre la bi\u00e8re et o\u00f9 chaque met est accompagn\u00e9 d\u2019une bi\u00e8re assortie. Une ode \u00e0 la gastronomie brassicole en quelque sorte&nbsp;! Pas de vin ni de soda \u00e0 notre table&nbsp;; vous y trouverez uniquement des bi\u00e8res belges artisanales (et de l\u2019eau).<\/p>\n<p>&nbsp;<\/p>\n<p><strong><u>Quand&nbsp;?<\/u><\/strong> choisissez parmi 3 s\u00e9ances : le samedi 30\/10 au soir (19h00), le dimanche 31\/10 au soir (19h00) ou le lundi 1er novembre \u00e0 midi (12h00).<\/p>\n<p><strong>Le menu ?<\/strong><\/p>\n<p><a href=\"https:\/\/brasserieduclocher.be\/philomene\/wp-content\/uploads\/2021\/09\/menu-repas21.png\" target=\"_blank\" rel=\"noopener\"><img loading=\"lazy\" decoding=\"async\" class=\"alignnone wp-image-2337 size-medium\" src=\"https:\/\/brasserieduclocher.be\/philomene\/wp-content\/uploads\/2021\/09\/menu-repas21-212x300.png\" alt=\"\" width=\"212\" height=\"300\" srcset=\"https:\/\/brasserieduclocher.be\/philomene\/wp-content\/uploads\/2021\/09\/menu-repas21-212x300.png 212w, https:\/\/brasserieduclocher.be\/philomene\/wp-content\/uploads\/2021\/09\/menu-repas21-724x1024.png 724w, https:\/\/brasserieduclocher.be\/philomene\/wp-content\/uploads\/2021\/09\/menu-repas21-768x1086.png 768w, https:\/\/brasserieduclocher.be\/philomene\/wp-content\/uploads\/2021\/09\/menu-repas21-1086x1536.png 1086w, https:\/\/brasserieduclocher.be\/philomene\/wp-content\/uploads\/2021\/09\/menu-repas21.png 1240w\" sizes=\"(max-width: 212px) 100vw, 212px\" \/><\/a><\/p>\n<p>&nbsp;<\/p>\n<p><strong><u>O\u00f9&nbsp;?<\/u><\/strong>&nbsp;\u00e0 la Brasserie du Clocher, dans l\u2019ancienne Chapelle du Piroy \u00e0 Malonne<\/p>\n<p><strong><u>Combien&nbsp;?<\/u><\/strong> le menu 5 services ap\u00e9ro compris avec bi\u00e8res assorties est \u00e0 67 eur\/personne. Le nombre de convives est strictement <span style=\"text-decoration: underline;\">limit\u00e9 \u00e0 54 personnes par repas<\/span>; chaque table accueillant 8 \u00e0 9 personnes.<\/p>\n<p><strong><u>S\u2019inscrire ?<\/u><\/strong>&nbsp; R\u00e9servation <span style=\"text-decoration: underline;\">uniquement<\/span> par email \u00e0&nbsp;<a href=\"mailto:alex@brasserieduclocher.be\">alex@brasserieduclocher.be<\/a> en pr\u00e9cisant vos nom et pr\u00e9nom, le nombre de repas que vous r\u00e9servez et votre choix de date (30\/10, 31\/10 ou 01\/11). Les r\u00e9servations seront prises en compte dans l\u2019ordre des paiements. Celles-ci devront imp\u00e9rativement avoir \u00e9t\u00e9 confirm\u00e9es par un email de retour pour \u00eatre valables.<br \/>\nPaiement \u00e0 r\u00e9aliser sur le compte BE13 3631 5138 7839 avec la communication&nbsp;\u00ab&nbsp;Repas-Bi\u00e8re \u2013 vos nom et pr\u00e9nom \u2013 xx personnes&nbsp;\u00bb&nbsp;<strong><u>&nbsp;<\/u><\/strong><\/p>\n<p><strong>Etat des r\u00e9servations au 04\/10<\/strong><\/p>\n<ul>\n<li>Samedi soir :&nbsp; il reste <span style=\"color: #ffff00;\">15<\/span> places<\/li>\n<li>Dimanche soir : complet<\/li>\n<li>Lundi midi : il reste <span style=\"color: #ffff00;\">31<\/span> places<\/li>\n<\/ul>\n<p><span style=\"text-decoration: underline;\"><strong>COVID<\/strong><\/span><\/p>\n<p>Mesures COVID : nous attendons des instructions quant \u00e0 l\u2019obligation d\u2019utiliser le COVID Safe Ticket dans l\u2019HORECA mais il est fort probable que ce sera le cas. Nous vous tiendrons au courant d\u00e8s que possible mais il est recommand\u00e9 de prendre ses pr\u00e9cautions.&nbsp;<\/p>\n<p><strong><u>Quoi d\u2019autre&nbsp;?<\/u><\/strong>&nbsp;<\/p>\n<p>La brasserie n\u2019est malheureusement pas accessible aux personnes \u00e0 mobilit\u00e9 r\u00e9duite mais il est cependant, sur demande, possible d&#8217;y acc\u00e9der de plein pied.<br \/>\nNotez qu\u2019il s\u2019agit d\u2019un menu unique&nbsp;; nous ne pouvons pr\u00e9voir&nbsp;aucun&nbsp;plat alternatif. Si vous pr\u00e9sentez des allergies alimentaires, il est de votre responsabilit\u00e9 de nous les communiquer&nbsp;<u>\u00e0 la r\u00e9servation<\/u>&nbsp;afin que nous vous indiquions les \u00e9l\u00e9ments du menu qui pourraient poser probl\u00e8me.<br \/>\nLes boissons prises en dehors du repas sont payantes.<\/p>\n<p>N\u2019h\u00e9sitez pas \u00e0 nous contacter si vous avez des questions<\/p>\n<p>&nbsp;<\/p>\n<h4>&nbsp;<\/h4>\n[\/vc_column_text][\/vc_column][\/vc_row]\n","protected":false},"excerpt":{"rendered":"<p>[vc_row][vc_column][vc_column_text css=&#8221;.vc_custom_1632926093103{margin-bottom: 0px !important;}&#8221;]&nbsp; LA BI\u00c8RE DANS TOUS SES \u00c9TATS !!! \u2013 Edition 2021 SAMEDI 30 OCTOBRE AU SOIR,&nbsp; DIMANCHE 31 OCTOBRE AU SOIR ET LUNDI 1er NOVEMBRE \u00c0 MIDI Vivez l\u2019exp\u00e9rience unique&nbsp;de participer \u00e0 un repas d\u2019exception au sein d\u2019une Eglise reconvertie en brasserie, dans une ambiance cosy install\u00e9e au c\u0153ur m\u00eame de la [&hellip;]<\/p>\n","protected":false},"author":1,"featured_media":1058,"parent":0,"menu_order":0,"comment_status":"closed","ping_status":"closed","template":"","meta":{"ngg_post_thumbnail":0,"footnotes":""},"_links":{"self":[{"href":"https:\/\/brasserieduclocher.be\/philomene\/wp-json\/wp\/v2\/pages\/2070"}],"collection":[{"href":"https:\/\/brasserieduclocher.be\/philomene\/wp-json\/wp\/v2\/pages"}],"about":[{"href":"https:\/\/brasserieduclocher.be\/philomene\/wp-json\/wp\/v2\/types\/page"}],"author":[{"embeddable":true,"href":"https:\/\/brasserieduclocher.be\/philomene\/wp-json\/wp\/v2\/users\/1"}],"replies":[{"embeddable":true,"href":"https:\/\/brasserieduclocher.be\/philomene\/wp-json\/wp\/v2\/comments?post=2070"}],"version-history":[{"count":16,"href":"https:\/\/brasserieduclocher.be\/philomene\/wp-json\/wp\/v2\/pages\/2070\/revisions"}],"predecessor-version":[{"id":2369,"href":"https:\/\/brasserieduclocher.be\/philomene\/wp-json\/wp\/v2\/pages\/2070\/revisions\/2369"}],"wp:featuredmedia":[{"embeddable":true,"href":"https:\/\/brasserieduclocher.be\/philomene\/wp-json\/wp\/v2\/media\/1058"}],"wp:attachment":[{"href":"https:\/\/brasserieduclocher.be\/philomene\/wp-json\/wp\/v2\/media?parent=2070"}],"curies":[{"name":"wp","href":"https:\/\/api.w.org\/{rel}","templated":true}]}}